e z(-3).
8
Let a(d) = 73*d - 88. What is a(2)?
58
Let z(q) = q**2 + 27*q + 38. Give z(-25).
-12
Let x(z) = -z**3 + 4*z**2 + 132*z - 3. Calculate x(-10).
77
Let q(b) = b**2 - 159*b + 1138. Determine q(8).
-70
Let w(s) = 187*s - 3547. What is w(19)?
6
Let q(c) = 3539*c - 74320. Give q(21).
-1
Let c(w) = w**2 + 194*w + 9034. Calculate c(-77).
25
Let q(p) = 4*p**2 + 8*p - 9. Calculate q(1).
3
Let d(c) = c**2 + 28*c + 155. What is d(-10)?
-25
Let l(n) = -3*n - 26. Give l(-12).
10
Let i(r) = -3*r**2 - 30*r + 209. What is i(6)?
-79
Let c(o) = o**2 + 595*o + 1182. Determine c(-2).
-4
Let a(b) = 17*b - 216. Calculate a(29).
277
Let p(b) = b**2 - 15*b - 40. Calculate p(-16).
456
Let j(u) = -6351*u - 57153. Give j(-9).
6
Let c(t) = -3*t**2 - t + 20. Calculate c(5).
-60
Let l(r) = 75*r - 4214. Determine l(57).
61
Let x(c) = -c**3 - 122*c**2 - 354*c + 501. Calculate x(-119).
144
Let p(n) = -n**3 + 18*n**2 + 18*n + 38. Calculate p(19).
19
Let k(x) = -55*x + 6521. Calculate k(118).
31
Let v(h) = 24*h - 37. What is v(3)?
35
Let j(n) = -990*n + 6832. Calculate j(7).
-98
Let i(x) = 130*x + 2223. What is i(-17)?
13
Let i(w) = -2*w**2 + 36*w - 103. Determine i(15).
-13
Let o(h) = h**3 + 30*h**2 + 114*h + 861. What is o(-27)?
-30
Let y(t) = -72*t - 1590. What is y(-22)?
-6
Let d(r) = 4*r**2 - 152*r - 645. What is d(-4)?
27
Let r(f) = -2*f**3 + 17*f**2 - f - 23. Give r(8).
33
Let a(h) = -h**2 + 4138*h + 12404. Give a(-3).
-19
Let c(p) = -p**3 - 19*p**2 + 174*p - 51. Determine c(-26).
157
Let m(g) = g**3 - g**2 - 2162*g - 2. Give m(47).
-2
Let y(l) = 8*l**2 - 58*l + 100. What is y(2)?
16
Let x(t) = 5*t**3 + 13*t**2 - 10*t - 25. Give x(2).
47
Let t(d) = -18*d - 112. What is t(-5)?
-22
Let j(z) = 9*z**3 + 4*z**2 + 2*z + 70. Give j(-5).
-965
Let m(y) = -y**3 + 24*y**2 + 183*y + 36. What is m(30)?
126
Let h(o) = 23*o - 1652. Calculate h(72).
4
Let d(c) = 48*c + 316. Give d(-6).
28
Let a(t) = t**2 + 118*t + 1047. Give a(-10).
-33
Let y(t) = -2*t**2 - 48*t + 128. What is y(6)?
-232
Let c(g) = 4*g**2 + 52*g - 86. Give c(-11).
-174
Let x(t) = -t**2 + 43*t - 405. What is x(13)?
-15
Let g(u) = u**3 - 15*u**2 + 195*u - 2206. Calculate g(13).
-9
Let k(u) = u**2 - 16*u + 28. What is k(2)?
0
Let w(x) = 2*x**2 + 50*x + 133. Determine w(-22).
1
Let m(b) = -b**3 + 41*b**2 - 273*b + 18. Calculate m(8).
-54
Let l(o) = -64*o**2 - 252*o + 4. Calculate l(-4).
-12
Let q(r) = 42*r + 645. Give q(2).
729
Let s(w) = w**3 + 10*w**2 - 27*w + 46. Give s(-13).
-110
Let j(s) = 2*s**3 - 35*s**2 + 129*s - 9. Calculate j(12).
-45
Let m(l) = 9*l + 303. Give m(-37).
-30
Let s(d) = 15*d + 18. Give s(-3).
-27
Let b(v) = -v**3 + 55*v**2 + 63*v - 233. What is b(56)?
159
Let x(g) = 2*g**2 + 641*g + 5041. Give x(-8).
41
Let t(p) = 3*p**2 - 1488*p - 7513. Calculate t(-5).
2
Let g(j) = -53*j - 2991. Calculate g(-58).
83
Let v(y) = 23*y**2 + 39*y. Determine v(-3).
90
Let x(g) = -287*g + 2303. What is x(8)?
7
Let f(a) = a**2 - 15*a - 241. Determine f(-10).
9
Let v(m) = 4*m**2 + 46*m - 566. Give v(-19).
4
Let i(k) = -3*k**2 + 38*k - 107. Calculate i(8).
5
Let d(y) = -y - 37. What is d(-17)?
-20
Let a(d) = d**3 - 25*d**2 + 116*d. Determine a(18).
-180
Let z(j) = 5*j**3 + j**2 + 94*j + 191. What is z(-2)?
-33
Let x(m) = m**3 + 7*m**2 - 21*m - 32. Determine x(-9).
-5
Let o(p) = -817*p + 30264. Determine o(37).
35
Let h(p) = -p**3 - 44*p**2 - 341*p - 10. Calculate h(-10).
0
Let m(g) = 5*g**2 + 62*g + 57. Calculate m(-12).
33
Let w(h) = h**3 + 27*h**2 + 80*h - 70. Calculate w(-22).
590
Let x(b) = 22*b**2 - 4476*b + 2021. What is x(203)?
-9
Let x(n) = -54*n**2 - 299*n + 542. What is x(-7)?
-11
Let i(z) = -z**3 - 128*z**2 + 811*z + 896. Determine i(-134).
-42
Let z(u) = u**3 - 13*u**2 + 58*u - 665. Calculate z(13).
89
Let w(q) = -132*q + 1796. Give w(16).
-316
Let r(d) = -22*d**3 + 4*d**2 + 4*d - 9. Calculate r(-2).
175
Let j(o) = 560*o - 2234. Calculate j(4).
6
Let l(q) = -173*q - 12291. What is l(-71)?
-8
Let t(q) = 19*q + 390. Determine t(-22).
-28
Let c(z) = -4*z + 41. What is c(-35)?
181
Let g(h) = h**2 - 151*h - 1614. Calculate g(-10).
-4
Let d(x) = -17*x**2 - 20*x + 15. Determine d(4).
-337
Let x(t) = -2*t**2 - 1447*t + 20650. What is x(14)?
0
Let x(c) = 2*c**2 - 38*c + 37. What is x(1)?
1
Let c(s) = 4*s**3 - 36*s**2 + 8*s - 71. Give c(9).
1
Let n(a) = -2*a**3 - 81*a**2 - 28*a + 485. Determine n(-40).
5
Let l(h) = -h**3 + 10*h**2 - 85*h + 534. Calculate l(8).
-18
Let y(c) = -127*c - 5245. Give y(-41).
-38
Let c(g) = 116*g**2 - 9*g - 20. Determine c(-2).
462
Let m(l) = 3*l**3 + 88*l**2 + 33*l + 121. Determine m(-29).
5
Let j(k) = 10*k + 372. What is j(-39)?
-18
Let y(x) = x**3 + 7*x**2 + 7*x + 58. What is y(-7)?
9
Let w(n) = 2*n**2 + 117*n - 89. Calculate w(-60).
91
Let t(d) = d**2 - 6*d - 5. Calculate t(8).
11
Let i(o) = -50*o**2 - 901*o - 78. Calculate i(-18).
-60
Let q(d) = 38*d + 390. Give q(-26).
-598
Let t(z) = -5*z - 204. Calculate t(-30).
-54
Let l(u) = u**2 - 4*u + 3. Determine l(4).
3
Let j(s) = 56*s - 100. What is j(2)?
12
Let k(v) = -29*v**2 - 32*v + 2. What is k(-3)?
-163
Let z(r) = -78*r - 2257. Calculate z(-29).
5
Let h(v) = 2*v**3 - 83*v**2 + 114*v + 237. Give h(40).
-3
Let i(v) = -3*v**3 + 83*v**2 - 57*v - 97. Determine i(27).
-178
Let i(r) = 39*r - 1327. What is i(34)?
-1
Let g(b) = 297*b + 3869. Calculate g(-13).
8
Let s(z) = z**3 + 79*z**2 + 153*z - 88. Give s(-77).
-11
Let q(z) = 135*z + 8794. Determine q(-65).
19
Let g(o) = o**3 - 27*o**2 - 123*o - 22. Determine g(31).
9
Let n(y) = -y**3 + 86*y**2 + 447*y + 7. Give n(-5).
47
Let n(d) = -d**2 - 10*d + 113. Calculate n(14).
-223
Let p(j) = -4*j**2 + 19*j - 10. Calculate p(6).
-40
Let b(d) = -168*d + 170. What is b(0)?
170
Let s(p) = p**3 - 24*p**2 + 18*p - 48. Give s(23).
-163
Let d(q) = 9*q - 91. What is d(27)?
152
Let q(r) = -493*r**2 - 2475*r - 26. What is q(-5)?
24
Let l(f) = -3*f**2 + 65*f - 33. Give l(16).
239
Let c(d) = -628*d + 45837. Calculate c(73).
-7
Let l(y) = 53*y - 98. Give l(2).
8
Let u(z) = z**3 + z**2 + 11*z + 292. What is u(0)?
292
Let j(a) = -a**3 + 139*a + 377. Determine j(-10).
-13
Let o(m) = -422*m - 1269. What is o(-3)?
-3
Let z(o) = -41*o + 718. Calculate z(-14).
1292
Let b(p) = 1505*p - 36127. Calculate b(24).
-7
Let n(h) = -h**3 + 17*h**2 - 27*h - 62. What is n(15)?
-17
Let c(r) = r**2 - 20*r - 372. Give c(32).
12
Let k(t) = t**3 - 9*t + 12. Give k(0).
12
Let q(w) = 2*w**2 - 60*w + 50. Determine q(35).
400
Let u(q) = 801*q + 12021. Calculate u(-15).
6
Let i(f) = -f**3 + 16*f**2 - 12*f + 44. Determine i(12).
476
Let s(n) = -n**2 - 169*n - 1447. Determine s(-9).
-7
Let a(v) = -7*v**2 + 28*v + 87. Calculate a(-4).
-137
Let u(a) = a**3 + 9*a**2 + 28*a + 59. What is u(-6)?
-1
Let i(v) = -991*v - 6246. Calculate i(-6).
-300
Let a(o) = 6*o - 225. Determine a(35).
-15
Let g(m) = -4*m**3 + 32*m**2 + 22*m + 13. Give g(9).
-113
Let z(y) = -829*y + 8305. What is z(10)?
15
Let j(r) = -r**2 + 5*r + 4635. What is j(-66)?
-51
Let l(o) = -o**3 - 24*o**2 + 25*o - 20. Give l(-25).
-20
Let w(k) = -5*k**2 + 3*k - 2. Determine w(4).
-70
Let m(j) = -9*j - 72. Give m(9).
-153
Let m(o) = 1961*o + 3931. Calculate m(-2).
9
Let n(p) = -p**3 + 32*p**2 + 230*p - 91. Calculate n(38).
-15
Let n(t) = t**2 + 22*t - 153. Determine n(-26).
-49
Let c(f) = -f**3 + 3*f**2 - 934*f + 3754. Determine c(4).
2
Let v(z) = 18*z**2 + 2*z - 9. Determine v(-4).
271
Let u(b) = b**2 + 189*b - 1873. What is u(10)?
117
Let n(q) = -2038*q - 10187. Calculate n(-5).
3
Let a(v) = 67*v**2 - 5426*v - 76. Determine a(81).
5
Let k(y) = -12*y**3 + 290*y**2 - 322*y + 3. Calculate k(23).
3
Let d(n) = -141*n - 1693. What is d(-8)?
-565
Let x(h) = 36*h**2 + 1658*h + 99. What is x(-46)?
7
Let i(m) = -m**2 - 76*m - 195. Calculate i(-3).
24
Let l(i) = 2*i**3 + 41*i**2 - 351*i - 1. Determine l(-27).
-1
Let o(b) = -3*b**3 - 2*b**2 + 10031*b - 10030. Determine o(1).
-4
Let m(r) = -1106*r + 4657. Calculate m(4).
233
Let l(i) = i**2 - 5*i - 711. Calculate l(-16).
-375
Let o(t) = 38*t**2 + 391*t - 3. Determine o(-11).
294
Let y(x) = 14*x - 452. What is y(34)?
24
Let f(u) = u**3 - 80*u**2 - 201*u + 3033. Give f(82).
-1
Let f(o) = o**3 - 7*o**2 - 18*o + 14. Give f(9).
14
Let a(t) = -t**3 + 8*t**2 + 34*t + 4. Calculate a(-3).
1
Let q(w) = -35*w + 977. Determine q(29).
-38
Let g(q) = q**3 -